{"id":1014,"date":"2012-10-03T08:33:01","date_gmt":"2012-10-03T07:33:01","guid":{"rendered":"http:\/\/www.katehetski.zadarskanadbiskupija.hr\/?page_id=1014"},"modified":"2017-10-15T23:11:25","modified_gmt":"2017-10-15T21:11:25","slug":"plan-i-program","status":"publish","type":"page","link":"https:\/\/www.katehetski.zadarskanadbiskupija.hr\/?page_id=1014","title":{"rendered":"Plan i program za srednju \u0161kolu"},"content":{"rendered":"<h5 style=\"text-align: center;\">\u00a0<img loading=\"lazy\" decoding=\"async\" class=\"alignleft\" src=\"http:\/\/www.nku.hbk.hr\/images\/nku_img\/udzbenici\/pip_250.jpg\" alt=\"pip 250\" width=\"206\" height=\"294\" \/>PLAN I PROGRAM KATOLI\u010cKOGA VJERONAUKA ZA \u010cETVEROGODI\u0160NJE SREDNJE \u0160KOLE<\/h5>\n<p>&nbsp;<\/p>\n<div class=\"post-content box mark-links\">\n<div class=\"post-content box mark-links\">\n<p>\u201cNeka ovaj Plan i program bude vrijedno pomagalo\u00a0vjerou\u010diteljima u njihovu radu u \u0161kolama, neka pridonese \u0161to\u00a0kvalitetnijoj nastavi vjeronauka u \u0161koli te postignu\u0107u vjerskih i\u00a0op\u0107eljudskih ciljeva na radost u\u010denika, njihovih roditelja, te cijele\u00a0Crkve i na\u0161ega dru\u0161tva.\u00a0Neka Gospodin blagoslovi sav na\u0161 rad!\u201d<\/p>\n<p style=\"text-align: right;\">(+ \u0110uro Hrani\u0107,,\u00a0Predsjednik Vije\u0107a\u00a0Hrvatske biskupske\u00a0konferencije za katehizaciju)<\/p>\n<p>&nbsp;<\/p>\n<p style=\"text-align: center;\"><a href=\"http:\/\/www.nku.hbk.hr\/images\/pdf_documents\/plan_i_program_vjeronauka_SS.pdf\" target=\"_blank\" rel=\"noopener\">Plan i program u pdf-u<\/a><\/p>\n<\/div>\n<\/div>\n<p>&nbsp;<\/p>\n<p>&nbsp;<\/p>\n<p>&nbsp;<\/p>\n<div class=\"post-content box mark-links\"><\/div>\n<h6><\/h6>\n<h6>\u0160KOLSKA GODINA:<\/h6>\n<p><a href=\"http:\/\/www.katehetski.zadarskanadbiskupija.hr\/wp-content\/upLoads\/PlanRadaZSV2011_12.pdf\">PlanRadaZSV2011_12<\/a><\/p>\n","protected":false},"excerpt":{"rendered":"<p>\u00a0PLAN I PROGRAM KATOLI\u010cKOGA VJERONAUKA ZA \u010cETVEROGODI\u0160NJE SREDNJE \u0160KOLE &nbsp; \u201cNeka ovaj Plan i program bude vrijedno pomagalo\u00a0vjerou\u010diteljima u njihovu radu u \u0161kolama, neka pridonese \u0161to\u00a0kvalitetnijoj nastavi vjeronauka u \u0161koli te postignu\u0107u vjerskih i\u00a0op\u0107eljudskih ciljeva na radost u\u010denika, njihovih roditelja, te cijele\u00a0Crkve i na\u0161ega dru\u0161tva.\u00a0Neka Gospodin blagoslovi sav na\u0161 rad!\u201d (+ \u0110uro Hrani\u0107,,\u00a0Predsjednik Vije\u0107a\u00a0Hrvatske biskupske\u00a0konferencije [&hellip;]<\/p>\n","protected":false},"author":1,"featured_media":0,"parent":16,"menu_order":33,"comment_status":"closed","ping_status":"closed","template":"","meta":{"footnotes":""},"class_list":["post-1014","page","type-page","status-publish","hentry"],"_links":{"self":[{"href":"https:\/\/www.katehetski.zadarskanadbiskupija.hr\/index.php?rest_route=\/wp\/v2\/pages\/1014","targetHints":{"allow":["GET"]}}],"collection":[{"href":"https:\/\/www.katehetski.zadarskanadbiskupija.hr\/index.php?rest_route=\/wp\/v2\/pages"}],"about":[{"href":"https:\/\/www.katehetski.zadarskanadbiskupija.hr\/index.php?rest_route=\/wp\/v2\/types\/page"}],"author":[{"embeddable":true,"href":"https:\/\/www.katehetski.zadarskanadbiskupija.hr\/index.php?rest_route=\/wp\/v2\/users\/1"}],"replies":[{"embeddable":true,"href":"https:\/\/www.katehetski.zadarskanadbiskupija.hr\/index.php?rest_route=%2Fwp%2Fv2%2Fcomments&post=1014"}],"version-history":[{"count":19,"href":"https:\/\/www.katehetski.zadarskanadbiskupija.hr\/index.php?rest_route=\/wp\/v2\/pages\/1014\/revisions"}],"predecessor-version":[{"id":4602,"href":"https:\/\/www.katehetski.zadarskanadbiskupija.hr\/index.php?rest_route=\/wp\/v2\/pages\/1014\/revisions\/4602"}],"up":[{"embeddable":true,"href":"https:\/\/www.katehetski.zadarskanadbiskupija.hr\/index.php?rest_route=\/wp\/v2\/pages\/16"}],"wp:attachment":[{"href":"https:\/\/www.katehetski.zadarskanadbiskupija.hr\/index.php?rest_route=%2Fwp%2Fv2%2Fmedia&parent=1014"}],"curies":[{"name":"wp","href":"https:\/\/api.w.org\/{rel}","templated":true}]}}

Plan i program za srednju školu

<h5 style="text-align: center;"> <img loading="lazy" decoding="async" class="alignleft" src="http://www.nku.hbk.hr/images/nku_img/udzbenici/pip_250.jpg" alt="pip 250" width="206" height="294" />PLAN I PROGRAM KATOLIČKOGA VJERONAUKA ZA ČETVEROGODIŠNJE SREDNJE ŠKOLE</h5>
<p>&nbsp;</p>
<div class="post-content box mark-links">
<div class="post-content box mark-links">
<p>“Neka ovaj Plan i program bude vrijedno pomagalo vjeroučiteljima u njihovu radu u školama, neka pridonese što kvalitetnijoj nastavi vjeronauka u školi te postignuću vjerskih i općeljudskih ciljeva na radost učenika, njihovih roditelja, te cijele Crkve i našega društva. Neka Gospodin blagoslovi sav naš rad!”</p>
<p style="text-align: right;">(+ Đuro Hranić,, Predsjednik Vijeća Hrvatske biskupske konferencije za katehizaciju)</p>
<p>&nbsp;</p>
<p style="text-align: center;"><a href="http://www.nku.hbk.hr/images/pdf_documents/plan_i_program_vjeronauka_SS.pdf" target="_blank" rel="noopener">Plan i program u pdf-u</a></p>
</div>
</div>
<p>&nbsp;</p>
<p>&nbsp;</p>
<p>&nbsp;</p>
<div class="post-content box mark-links"></div>
<h6></h6>
<h6>ŠKOLSKA GODINA:</h6>
<p><a href="http://www.katehetski.zadarskanadbiskupija.hr/wp-content/upLoads/PlanRadaZSV2011_12.pdf">PlanRadaZSV2011_12</a></p>

<p> PLAN I PROGRAM KATOLIČKOGA VJERONAUKA ZA ČETVEROGODIŠNJE SREDNJE ŠKOLE &nbsp; “Neka ovaj Plan i program bude vrijedno pomagalo vjeroučiteljima u njihovu radu u školama, neka pridonese što kvalitetnijoj nastavi vjeronauka u školi te postignuću vjerskih i općeljudskih ciljeva na radost učenika, njihovih roditelja, te cijele Crkve i našega društva. Neka Gospodin blagoslovi sav naš rad!” (+ Đuro Hranić,, Predsjednik Vijeća Hrvatske biskupske konferencije [&hellip;]</p>
