{"id":4707,"date":"2017-11-10T08:40:25","date_gmt":"2017-11-10T07:40:25","guid":{"rendered":"http:\/\/www.katehetski.zadarskanadbiskupija.hr\/?page_id=4707"},"modified":"2022-02-16T10:48:08","modified_gmt":"2022-02-16T09:48:08","slug":"plan-rada-ureda","status":"publish","type":"page","link":"http:\/\/www.katehetski.zadarskanadbiskupija.hr\/?page_id=4707","title":{"rendered":"Plan rada ureda"},"content":{"rendered":"<table width=\"753\">\n<tbody>\n<tr>\n<td colspan=\"2\" width=\"753\">KATEHETSKI URED ZADARSKE NADBISKUPIJE<\/td>\n<\/tr>\n<tr>\n<td colspan=\"2\" width=\"753\">KALENDAR RADA UREDA ZA 2019.\/2020. \u0160KOLSKU GODINU<\/td>\n<\/tr>\n<tr>\n<td width=\"185\"><\/td>\n<td width=\"568\"><\/td>\n<\/tr>\n<tr>\n<td>29.kolovoza 2019.<\/td>\n<td>Katehetski dan i podjela kanonskih mandata (Belafu\u017ea)<\/td>\n<\/tr>\n<tr>\n<td>14. rujna 2019.<\/td>\n<td>Radni sastanak voditelja \u017eupanijskih stru\u010dnih vije\u0107a<\/td>\n<\/tr>\n<tr>\n<td>14. rujna 2019.<\/td>\n<td>Stru\u010dni skup vjerou\u010ditelja pripravnika i njihovih mentora<\/td>\n<\/tr>\n<tr>\n<td>Rujan 2018.<\/td>\n<td>Sv. misa i zaziv Duha svetoga za po\u010detak \u0161kolske godine (\u017eupne crkve)<\/td>\n<\/tr>\n<tr>\n<td>25.rujna 2019.<\/td>\n<td>Prvi radni sastanak Stru\u010dnih vije\u0107a vjerou\u010ditelja<\/td>\n<\/tr>\n<tr>\n<td>18. \u2013 19. listopada 2019.<\/td>\n<td>Katehetska jesenska \u0161kola za odgojitelje u vjeri osoba s te\u0161ko\u0107ama u razvoju (Zagreb)<\/td>\n<\/tr>\n<tr>\n<td>8.- 9. studenog 2020.<\/td>\n<td>Katehetska jesenska \u0161kola za odgojiteljice u vjeri u pred\u0161kolskim ustanovama (Zagreb)<\/td>\n<\/tr>\n<tr>\n<td>30.11.2019.<\/td>\n<td>Nadbiskupijski stru\u010dni skup za sve vjerou\u010ditelje: Korelacija vjeronauka i povijesti<\/td>\n<\/tr>\n<tr>\n<td>Prosinac 2019.<\/td>\n<td>jednodnevna duhovna obnova (hodo\u010da\u0161\u0107e) vjerou\u010ditelja<\/td>\n<\/tr>\n<tr>\n<td>Prosinac 2019.<\/td>\n<td>predbo\u017ei\u0107ni susret Ravnatelja osnovnih i srednjih \u0161kola s Nadbiskupom<\/td>\n<\/tr>\n<tr>\n<td>9.-10. sije\u010dnja 2020<\/td>\n<td>Katehetska zimska \u0161kola (Zagreb)<\/td>\n<\/tr>\n<tr>\n<td>29. sije\u010dnja 2020.<\/td>\n<td>\u0160kolska vjeronau\u010dna olimpijada za osnovnu i srednju \u0161kolu<\/td>\n<\/tr>\n<tr>\n<td>2. o\u017eujka 2020.<\/td>\n<td>Nadbiskupijska vjeronau\u010dna olimpijada za osnovnu i srednju \u0161kolu (O\u0160 Bartul Ka\u0161i\u0107- Zadar)<\/td>\n<\/tr>\n<tr>\n<td>o\u017eujak 2020.<\/td>\n<td>Pastoralno-katehetski kolokvij za sve\u0107enike (Zagreb)<\/td>\n<\/tr>\n<tr>\n<td>21.o\u017eujka 2020.<\/td>\n<td>Nadbiskupijski stru\u010dni skup za sve vjerou\u010ditelje: Isusove prispodobe kao model pou\u010davanja<\/td>\n<\/tr>\n<tr>\n<td>28.o\u017eujka 2020.<\/td>\n<td>Me\u0111ubiskupijski susret maturanata (Humac)<\/td>\n<\/tr>\n<tr>\n<td>\u00a01. &#8211; 3. travnja 2020.<\/td>\n<td>Vjeronau\u010dna olimpijada na dr\u017eavnoj razini<\/td>\n<\/tr>\n<tr>\n<td>2.-8. travnja 2020.<\/td>\n<td>Hodo\u010da\u0161\u0107e u Rim<\/td>\n<\/tr>\n<tr>\n<td>24. \u2013 25. travnja 2020.<\/td>\n<td>Katehetska proljetna \u0161kola (Zagreb)<\/td>\n<\/tr>\n<tr>\n<td>18. travnja 2020.<\/td>\n<td>Stru\u010dni skup za odgojiteljice u vjeri u pred\u0161kolskim ustanovama<\/td>\n<\/tr>\n<tr>\n<td>Lipanj 2020.<\/td>\n<td>Nagradni olimpijski izlet<\/td>\n<\/tr>\n<tr>\n<td>Lipanj 2020.<\/td>\n<td>Drugi radni sastanak Stru\u010dnih vije\u0107a vjerou\u010ditelja<\/td>\n<\/tr>\n<tr>\n<td>Lipanj 2020.<\/td>\n<td>zahvalno hodo\u010da\u0161\u0107e vjerou\u010ditelja<\/td>\n<\/tr>\n<tr>\n<td>24. \u2013 25. kolovoza 2020.<\/td>\n<td>Katehetska ljetna \u0161kola za vjerou\u010ditelje srednjih \u0161kola (Zagreb)<\/td>\n<\/tr>\n<tr>\n<td>27. \u2013 28. kolovoza 2020.<\/td>\n<td>Katehetska ljetna \u0161kola za vjerou\u010ditelje osnovnih \u0161kola (Split)<\/td>\n<\/tr>\n<tr>\n<td><\/td>\n<td><\/td>\n<\/tr>\n<\/tbody>\n<\/table>\n<table style=\"height: 178px;\" width=\"430\">\n<tbody>\n<tr>\n<td style=\"text-align: center;\" colspan=\"2\" width=\"433\">arhiva<\/td>\n<\/tr>\n<tr>\n<td width=\"184\"><\/td>\n<td width=\"249\"><\/td>\n<\/tr>\n<tr>\n<td><\/td>\n<td><a href=\"http:\/\/www.katehetski.zadarskanadbiskupija.hr\/wp-content\/upLoads\/2018\/11\/Plan-rada-ureda-2018-19.pdf\">Plan rada ureda-2018-19<\/a><\/td>\n<\/tr>\n<tr>\n<td width=\"184\"><a href=\"http:\/\/www.katehetski.zadarskanadbiskupija.hr\/wp-content\/upLoads\/2018\/02\/Kalendar-rada-2017-18.pdf\">Kalendar-rada-2017-18<\/a><\/td>\n<td width=\"249\"><a href=\"http:\/\/www.katehetski.zadarskanadbiskupija.hr\/wp-content\/upLoads\/2017\/11\/Kalendar-rada-2016-17.pdf\">Kalendar-rada-2016-17<\/a><\/td>\n<\/tr>\n<tr>\n<td width=\"184\"><a href=\"http:\/\/www.katehetski.zadarskanadbiskupija.hr\/wp-content\/upLoads\/2017\/11\/Kalendar-rada-2015-16.pdf\">Kalendar-rada-2015-16<\/a><\/td>\n<td width=\"249\"><a href=\"http:\/\/www.katehetski.zadarskanadbiskupija.hr\/wp-content\/upLoads\/2017\/11\/Kalendar-rada-2014-15.pdf\">Kalendar-rada-2014.\/2015.<\/a><\/td>\n<\/tr>\n<tr>\n<td width=\"184\"><a href=\"http:\/\/www.katehetski.zadarskanadbiskupija.hr\/wp-content\/upLoads\/2017\/11\/Kalendar-rada-2013-14.pdf\">Kalendar-rada-2013.\/2014.<\/a><\/td>\n<td width=\"249\"><\/td>\n<\/tr>\n<\/tbody>\n<\/table>\n","protected":false},"excerpt":{"rendered":"<p>KATEHETSKI URED ZADARSKE NADBISKUPIJE KALENDAR RADA UREDA ZA 2019.\/2020. \u0160KOLSKU GODINU 29.kolovoza 2019. Katehetski dan i podjela kanonskih mandata (Belafu\u017ea) 14. rujna 2019. Radni sastanak voditelja \u017eupanijskih stru\u010dnih vije\u0107a 14. rujna 2019. Stru\u010dni skup vjerou\u010ditelja pripravnika i njihovih mentora Rujan 2018. Sv. misa i zaziv Duha svetoga za po\u010detak \u0161kolske godine (\u017eupne crkve) 25.rujna 2019. [&hellip;]<\/p>\n","protected":false},"author":1,"featured_media":2614,"parent":7,"menu_order":1,"comment_status":"closed","ping_status":"closed","template":"","meta":{"footnotes":""},"class_list":["post-4707","page","type-page","status-publish","has-post-thumbnail","hentry"],"_links":{"self":[{"href":"http:\/\/www.katehetski.zadarskanadbiskupija.hr\/index.php?rest_route=\/wp\/v2\/pages\/4707","targetHints":{"allow":["GET"]}}],"collection":[{"href":"http:\/\/www.katehetski.zadarskanadbiskupija.hr\/index.php?rest_route=\/wp\/v2\/pages"}],"about":[{"href":"http:\/\/www.katehetski.zadarskanadbiskupija.hr\/index.php?rest_route=\/wp\/v2\/types\/page"}],"author":[{"embeddable":true,"href":"http:\/\/www.katehetski.zadarskanadbiskupija.hr\/index.php?rest_route=\/wp\/v2\/users\/1"}],"replies":[{"embeddable":true,"href":"http:\/\/www.katehetski.zadarskanadbiskupija.hr\/index.php?rest_route=%2Fwp%2Fv2%2Fcomments&post=4707"}],"version-history":[{"count":22,"href":"http:\/\/www.katehetski.zadarskanadbiskupija.hr\/index.php?rest_route=\/wp\/v2\/pages\/4707\/revisions"}],"predecessor-version":[{"id":5757,"href":"http:\/\/www.katehetski.zadarskanadbiskupija.hr\/index.php?rest_route=\/wp\/v2\/pages\/4707\/revisions\/5757"}],"up":[{"embeddable":true,"href":"http:\/\/www.katehetski.zadarskanadbiskupija.hr\/index.php?rest_route=\/wp\/v2\/pages\/7"}],"wp:featuredmedia":[{"embeddable":true,"href":"http:\/\/www.katehetski.zadarskanadbiskupija.hr\/index.php?rest_route=\/wp\/v2\/media\/2614"}],"wp:attachment":[{"href":"http:\/\/www.katehetski.zadarskanadbiskupija.hr\/index.php?rest_route=%2Fwp%2Fv2%2Fmedia&parent=4707"}],"curies":[{"name":"wp","href":"https:\/\/api.w.org\/{rel}","templated":true}]}}