{"id":297,"date":"2011-12-16T16:45:31","date_gmt":"2011-12-16T15:45:31","guid":{"rendered":"http:\/\/www.katehetski.zadarskanadbiskupija.hr\/?page_id=297"},"modified":"2025-10-02T09:33:47","modified_gmt":"2025-10-02T07:33:47","slug":"plan","status":"publish","type":"page","link":"http:\/\/www.katehetski.zadarskanadbiskupija.hr\/?page_id=297","title":{"rendered":"Vjerou\u010ditelji &#8211; S\u0160"},"content":{"rendered":"<p align=\"center\"><strong>POPIS VJEROU\u010cITELJA U \u0160KOLSKOJ GODINI 2025.\/2026.<\/strong><\/p>\n<p style=\"text-align: left;\" align=\"center\"><strong>VJEROU\u010cITELJI SVE\u0106ENICI:\u00a0<\/strong><\/p>\n<ol>\n<li style=\"text-align: left;\">Dokoza, don Marko, Katoli\u010dka gimnazija Ivana Pavla II., Zadar.<\/li>\n<\/ol>\n<p><strong>VJEROU\u010cITELJICE REDOVNICE:<\/strong><\/p>\n<ol>\n<li>Kova\u010devi\u0107, s. Danijela, Medicinska \u0161kola Ante Kuzmani\u0107a, Zadar i Pomorska \u0161kola Zadar.<\/li>\n<li>Mar\u017ei\u0107, s. Rita, Poljoprivredna, prehrambena i vet\u00aderinarska \u0161kola Stanka O\u017eani\u0107a, Zadar<\/li>\n<\/ol>\n<p><strong>VJEROU\u010cITELJI LAICI:<\/strong><\/p>\n<ol>\n<li>Batur, \u017deljko, Strukovna \u0161kola Vice Vlatkovi\u0107a, Zadar.<\/li>\n<li>Bobi\u0107 \u2013 Pici\u0107, Katica, Hotelijersko \u2013 turisti\u010dka i ugostiteljska \u0161kola, Zadar.<\/li>\n<li>\u010cirjak, Vesna, Obrtni\u010dka \u0161kola Gojka Matuline, Ekonomsko \u2013 birotehni\u010dka i trgova\u010dka \u0161kola, Zadar.<\/li>\n<li>\u0106oza, Ante, Ekonomsko-birotehni\u010dka i trgova\u010dka \u0161kola, Zadar.<\/li>\n<li>Kapovi\u0107, Ivan, Strukovna \u0161kola Vice Vlatkovi\u0107a i Gimnazija Vladimira Nazora, Zadar\u00a0<\/li>\n<li>Klanac \u2013 Jozi\u0107, Marija, Gimnazija Franje Petri\u0107a, Zadar,\u00a0Hotelijersko \u2013 turisti\u010dka i ugostiteljska \u0161kola, Zadar.<\/li>\n<li>Mari\u010di\u0107, Martina,\u00a0S\u0160 Obrovac,\u00a0Zadarska privatna gimnazija s pravom javnosti, Zadar, \u0160kola primijenjene umjetnosti i dizajna, Zadar,\u00a0Hotelijersko \u2013 turisti\u010dka i ugostiteljska \u0161kola, Zadar.<\/li>\n<li>Mar\u017ei\u0107, Ivona-Marija, S\u0160 Bartola Ka\u0161i\u0107a, Pag.<\/li>\n<li>Mi\u010di\u0107, Jelena, Gimnazija Vladimira Nazora, Zadar.<\/li>\n<li>Mi\u0161kovi\u0107 Grgo, Pomorska \u0161kola, Zadar.<\/li>\n<li>O\u0161tri\u0107, Hrvoje, Srednja \u0161kola kneza Branimira, Benkovac.<\/li>\n<li>R\u00fccker, Ana, Katoli\u010dka gimnazija Ivana Pavla II., Zadar.<\/li>\n<li>\u0160ari\u0107, Slobodan, Gimnazija Jurja Barakovi\u0107a, Zadar.<\/li>\n<li>\u0160erer \u2013 Matuli\u0107, Anita, Prirodoslovno-grafi\u010dka \u0161kola, Zadar i \u0160kola primijenjene umjetnosti i dizajna, Zadar.<\/li>\n<li>Vrki\u0107, Harold, Tehni\u010dka \u0161kola, Zadar.<\/li>\n<li>\u017duni\u0107, Denis, Srednja \u0161kola Biograd na moru.<\/li>\n<\/ol>\n<p><strong>VJEROU\u010cITELJI NA ZAMJENI<\/strong><\/p>\n<p>&nbsp;<\/p>\n\n\n<p><\/p>\n","protected":false},"excerpt":{"rendered":"<p>POPIS VJEROU\u010cITELJA U \u0160KOLSKOJ GODINI 2025.\/2026. VJEROU\u010cITELJI SVE\u0106ENICI:\u00a0 Dokoza, don Marko, Katoli\u010dka gimnazija Ivana Pavla II., Zadar. VJEROU\u010cITELJICE REDOVNICE: Kova\u010devi\u0107, s. Danijela, Medicinska \u0161kola Ante Kuzmani\u0107a, Zadar i Pomorska \u0161kola Zadar. Mar\u017ei\u0107, s. Rita, Poljoprivredna, prehrambena i vet\u00aderinarska \u0161kola Stanka O\u017eani\u0107a, Zadar VJEROU\u010cITELJI LAICI: Batur, \u017deljko, Strukovna \u0161kola Vice Vlatkovi\u0107a, Zadar. Bobi\u0107 \u2013 Pici\u0107, Katica, [&hellip;]<\/p>\n","protected":false},"author":1,"featured_media":0,"parent":7,"menu_order":6,"comment_status":"closed","ping_status":"closed","template":"","meta":{"footnotes":""},"class_list":["post-297","page","type-page","status-publish","hentry"],"_links":{"self":[{"href":"http:\/\/www.katehetski.zadarskanadbiskupija.hr\/index.php?rest_route=\/wp\/v2\/pages\/297","targetHints":{"allow":["GET"]}}],"collection":[{"href":"http:\/\/www.katehetski.zadarskanadbiskupija.hr\/index.php?rest_route=\/wp\/v2\/pages"}],"about":[{"href":"http:\/\/www.katehetski.zadarskanadbiskupija.hr\/index.php?rest_route=\/wp\/v2\/types\/page"}],"author":[{"embeddable":true,"href":"http:\/\/www.katehetski.zadarskanadbiskupija.hr\/index.php?rest_route=\/wp\/v2\/users\/1"}],"replies":[{"embeddable":true,"href":"http:\/\/www.katehetski.zadarskanadbiskupija.hr\/index.php?rest_route=%2Fwp%2Fv2%2Fcomments&post=297"}],"version-history":[{"count":41,"href":"http:\/\/www.katehetski.zadarskanadbiskupija.hr\/index.php?rest_route=\/wp\/v2\/pages\/297\/revisions"}],"predecessor-version":[{"id":7447,"href":"http:\/\/www.katehetski.zadarskanadbiskupija.hr\/index.php?rest_route=\/wp\/v2\/pages\/297\/revisions\/7447"}],"up":[{"embeddable":true,"href":"http:\/\/www.katehetski.zadarskanadbiskupija.hr\/index.php?rest_route=\/wp\/v2\/pages\/7"}],"wp:attachment":[{"href":"http:\/\/www.katehetski.zadarskanadbiskupija.hr\/index.php?rest_route=%2Fwp%2Fv2%2Fmedia&parent=297"}],"curies":[{"name":"wp","href":"https:\/\/api.w.org\/{rel}","templated":true}]}}